71?
False
Is 21142850 a multiple of 1274?
False
Is 23 a factor of 7146621?
False
Does 21 divide 224204253?
True
Does 13 divide 2904967572?
True
Is 44 a factor of 9819618?
False
Is 329 a factor of 6807230?
False
Is 24 a factor of 200918952?
True
Does 37 divide 2579638170?
False
Is 1026 a factor of 52678944?
True
Is 1173865096 a multiple of 136?
True
Does 2480 divide 4481365?
False
Does 22 divide 3758015266?
False
Does 350 divide 7929950?
True
Is 722829604 a multiple of 26?
False
Is 5306500 a multiple of 20?
True
Is 138865972 a multiple of 2900?
False
Does 11 divide 308661153?
False
Is 185 a factor of 571994655?
True
Is 16 a factor of 1135434992?
True
Does 1317 divide 148648049?
False
Is 211840828 a multiple of 886?
True
Is 629343120 a multiple of 10?
True
Does 2017 divide 2116674?
False
Is 1597244 a multiple of 682?
True
Is 2187172617 a multiple of 9?
False
Does 940 divide 99198231?
False
Is 4590 a factor of 987162120?
True
Is 2244768840 a multiple of 12?
True
Is 111 a factor of 204550681?
False
Is 894 a factor of 93886092?
True
Is 56 a factor of 30909086?
False
Is 450382688 a multiple of 1288?
True
Does 133 divide 188210428?
True
Does 2045 divide 83495623?
False
Is 117559533 a multiple of 2639?
True
Is 5011 a factor of 3215100012?
False
Does 924 divide 3917014844?
False
Does 11 divide 76428772?
False
Is 217296270 a multiple of 30?
True
Is 5726 a factor of 1457281000?
False
Does 71 divide 55943598?
True
Is 396982450 a multiple of 2150?
True
Is 646 a factor of 4183496?
True
Is 3604 a factor of 587313148?
False
Is 47409600 a multiple of 2100?
True
Is 1024 a factor of 603302145?
False
Is 27592330 a multiple of 2?
True
Is 35 a factor of 3080263025?
True
Does 16 divide 123763664?
True
Is 114639084 a multiple of 23?
True
Is 1057 a factor of 563649?
False
Is 312404853 a multiple of 19?
False
Does 1629 divide 1224223895?
False
Does 113 divide 6389226?
False
Does 298 divide 137923340?
True
Is 126947386 a multiple of 4?
False
Is 4325157 a multiple of 81?
True
Does 774 divide 124141086?
True
Does 14 divide 221426796?
False
Does 1622 divide 149918864?
False
Does 987 divide 86254215?
False
Is 7405 a factor of 336403763?
False
Is 10 a factor of 132414990?
True
Is 69 a factor of 106495949?
False
Is 246 a factor of 87076251?
False
Is 33 a factor of 96128336?
False
Is 2703532 a multiple of 23?
False
Does 10 divide 85810?
True
Does 620 divide 20068821?
False
Does 564 divide 48348336?
True
Is 198 a factor of 17300062?
False
Is 95 a factor of 316749236?
False
Does 59 divide 406552480?
True
Is 2772019406 a multiple of 2434?
False
Is 91 a factor of 704320617?
True
Does 16 divide 6507483502?
False
Is 399 a factor of 14675616?
False
Is 145 a factor of 4580518?
False
Does 122 divide 138555766?
True
Does 401 divide 32453331?
True
Is 1607709856 a multiple of 8?
True
Is 9 a factor of 974250?
True
Is 19372116 a multiple of 29?
True
Is 95665185 a multiple of 15?
True
Is 28 a factor of 15672608?
True
Is 175234932 a multiple of 36?
True
Is 41 a factor of 1598633542?
True
Is 2802826923 a multiple of 13?
True
Does 149 divide 268580099?
True
Is 22597927 a multiple of 183?
False
Is 27325557 a multiple of 149?
True
Does 344 divide 22073792?
True
Is 38703630 a multiple of 226?
True
Is 20943869 a multiple of 23?
True
Is 87 a factor of 3155229?
True
Does 1834 divide 177289112?
True
Is 44264654 a multiple of 259?
True
Is 307067286 a multiple of 6?
True
Is 185252058 a multiple of 522?
True
Does 55 divide 1031922375?
True
Is 744750050 a multiple of 2963?
True
Is 440889018 a multiple of 50?
False
Is 40 a factor of 787566084?
False
Is 378 a factor of 41263992?
True
Does 559 divide 20413003?
True
Is 52247706 a multiple of 21?
True
Does 19 divide 1613917218?
False
Is 338 a factor of 44618555?
False
Does 5 divide 8674045?
True
Is 12 a factor of 25724508?
True
Is 263016314 a multiple of 15?
False
Is 34083300 a multiple of 492?
True
Does 198 divide 7705170?
True
Does 9 divide 40706668?
False
Does 4300 divide 1205522200?
True
Is 2045 a factor of 15351815?
True
Is 37673400 a multiple of 218?
False
Does 23 divide 107971936?
True
Is 79223305 a multiple of 7?
True
Does 10 divide 112276700?
True
Is 105 a factor of 17464527?
False
Is 365 a factor of 877774111?
False
Does 1339 divide 571024584?
True
Does 4 divide 7999076?
True
Is 2383 a factor of 29697989?
False
Does 422 divide 1265184085?
False
Is 7 a factor of 513267455?
False
Is 74503578 a multiple of 10?
False
Does 7 divide 33891744?
False
Is 22114443 a multiple of 173?
False
Does 1052 divide 12618605?
False
Is 204 a factor of 99346164?
True
Is 3526191998 a multiple of 349?
True
Is 162520635 a multiple of 545?
True
Is 175584488 a multiple of 8?
True
Is 165 a factor of 23503370?
False
Does 25 divide 217093950?
True
Is 151 a factor of 14553984?
True
Does 195 divide 1085750735?
False
Does 6 divide 238686019?
False
Is 4537 a factor of 194617237?
False
Is 4 a factor of 99563909?
False
Is 4 a factor of 211010120?
True
Is 5 a factor of 2701841757?
False
Does 62 divide 250097274?
True
Is 20 a factor of 120432320?
True
Is 25088492 a multiple of 854?
False
Is 8113992 a multiple of 2025?
False
Is 3352847 a multiple of 3?
False
Is 969427466 a multiple of 49?
True
Is 86924699 a multiple of 12?
False
Is 3 a factor of 85339928?
False
Is 1219 a factor of 985322974?
False
Is 12 a factor of 9542762?
False
Is 211 a factor of 32656470?
True
Does 333 divide 26484532?
False
Is 137448156 a multiple of 12?
True
Is 22 a factor of 459559479?
False
Is 73976856 a multiple of 17?
False
Is 102294360 a multiple of 392?
True
Is 19 a factor of 535503437?
False
Does 50 divide 14568519?
False
Is 377 a factor of 168793621?
False
Is 1835064 a multiple of 56?
True
Is 1205 a factor of 76339160?
True
Is 146 a factor of 6247924?
True
Is 1879130463 a multiple of 21?
True
Is 1265672290 a multiple of 10?
True
Is 137910042 a multiple of 2906?
True
Is 72991299 a multiple of 622?
False
Is 3221942 a multiple of 34?
True
Is 2 a factor of 326747414?
True
Is 86 a factor of 68343512?
True
Does 25 divide 292044317?
False
Does 44 divide 531252292?
False
Is 1023605140 a multiple of 7?
False
Is 62784602 a multiple of 4?
False
Is 44 a factor of 23466212?
True
Is 873 a factor of 713052432?
True
Is 75296832 a multiple of 4043?
True
Is 26575836 a multiple of 825?
False
Does 125 divide 1428282250?
True
Is 93 a factor of 943285594?
False
Is 15 a factor of 105185205?
True
Does 26 divide 299066710?
False
Is 456 a factor of 8439249?
False
Is 309063047 a multiple of 13?
False
Is 834252731 a multiple of 331?
True
Is 797 a factor of 48354787?
True
Is 32 a factor of 101334741?
False
Is 352 a factor of 13813184?
True
Is 28912142 a multiple of 108?
False
Is 57894359 a multiple of 369?
False
Is 152932002 a multiple of 1686?
True
Is 33898350 a multiple of 150?
True
Is 32 a factor of 549787844?
False
Does 305 divide 7766520?
True
Is 399333821 a multiple of 14?
False
Is 28891494 a multiple of 2764?
False
Does 14 divide 43408736?
True
Does 6178 divide 78800390?
True
Is 9305520 a multiple of 58?
True
Is 3501433196 a multiple of 20?
False
Is 1405290264 a multiple of 4648?
True
Is 1117 a factor of 288163211?
False
Is 112630260 a multiple of 5?
True
Is 10 a factor of 44453400?
True
Is 17 a factor of 80863603?
False
Does 7 divide 62172782?
True
Is 127 a factor of 89535307?
False
Is 2057085739 a multiple of 29?
True
Is 1449 a factor of 172659942?
True
Does 27 divide 1105902639?
True
Does 63 divide 122815119?
False
Is 1295535904 a multiple of 7?
False
Is 8 a factor of 65956507?
False
Is 919641 a multiple of 129?
True
Is 24 a factor of 61221811?
False
Is 1289 a factor of 6291609?
True
Is 15670458 a multiple of 18?
True
Is 33326612 a multiple of 922?
True
Is 128 a factor of 744704?
True
Is 472 a factor of 84468648?
True
Is 25 a factor of 304654594?
False
Is 1903523905 a multiple of 935?
False
Is 83 a factor of 1727855654?
True
Is 25895870 a multiple of 182?
True
Does 66 divide 222577541?
False
Does 11837 divide 2184553861?
True
Is 32349997 a multiple of 1189?
False
Is 534990624 a multiple of 32?
True
Does 275 divide 12530043?
False
Is 259 a factor of 801746816?
False
Does 1827 divide 367398738?
True
Is 62 a factor of 91944698?
True
Is 4416522 a multiple of 33?
True
Is 223404121 a multiple of 22?
False
Is 560 a factor of 10186